s divided by 18?
7
Calculate the remainder when 24147 is divided by 15.
12
Calculate the remainder when 3968 is divided by 20.
8
What is the remainder when 10651 is divided by 74?
69
What is the remainder when 120 is divided by 50?
20
Calculate the remainder when 21 is divided by 14.
7
What is the remainder when 618 is divided by 115?
43
Calculate the remainder when 3261 is divided by 48.
45
What is the remainder when 157 is divided by 8?
5
Calculate the remainder when 1126 is divided by 94.
92
What is the remainder when 476 is divided by 30?
26
Calculate the remainder when 638 is divided by 309.
20
What is the remainder when 91 is divided by 12?
7
What is the remainder when 1346 is divided by 166?
18
Calculate the remainder when 65 is divided by 19.
8
Calculate the remainder when 1307 is divided by 224.
187
Calculate the remainder when 5612 is divided by 2795.
22
What is the remainder when 962 is divided by 478?
6
What is the remainder when 767 is divided by 129?
122
Calculate the remainder when 687 is divided by 180.
147
Calculate the remainder when 302 is divided by 17.
13
Calculate the remainder when 843 is divided by 289.
265
What is the remainder when 108 is divided by 37?
34
Calculate the remainder when 1211 is divided by 239.
16
What is the remainder when 453 is divided by 35?
33
Calculate the remainder when 180 is divided by 52.
24
What is the remainder when 71 is divided by 37?
34
What is the remainder when 1761 is divided by 63?
60
Calculate the remainder when 804 is divided by 190.
44
What is the remainder when 2610 is divided by 67?
64
What is the remainder when 2046 is divided by 50?
46
Calculate the remainder when 17 is divided by 2.
1
What is the remainder when 303 is divided by 6?
3
Calculate the remainder when 724 is divided by 362.
0
What is the remainder when 209 is divided by 7?
6
Calculate the remainder when 2430 is divided by 17.
16
Calculate the remainder when 3577 is divided by 1788.
1
Calculate the remainder when 304 is divided by 34.
32
What is the remainder when 128 is divided by 22?
18
Calculate the remainder when 20 is divided by 7.
6
What is the remainder when 358 is divided by 13?
7
Calculate the remainder when 250 is divided by 17.
12
What is the remainder when 130 is divided by 44?
42
Calculate the remainder when 7186 is divided by 12.
10
Calculate the remainder when 636 is divided by 168.
132
What is the remainder when 1427 is divided by 228?
59
Calculate the remainder when 1473 is divided by 25.
23
What is the remainder when 417 is divided by 226?
191
Calculate the remainder when 1951 is divided by 160.
31
What is the remainder when 55 is divided by 37?
18
Calculate the remainder when 130 is divided by 53.
24
Calculate the remainder when 1006 is divided by 18.
16
Calculate the remainder when 449 is divided by 113.
110
What is the remainder when 382 is divided by 185?
12
Calculate the remainder when 915 is divided by 46.
41
What is the remainder when 376 is divided by 127?
122
What is the remainder when 446 is divided by 16?
14
Calculate the remainder when 1176 is divided by 85.
71
What is the remainder when 86 is divided by 29?
28
What is the remainder when 230 is divided by 40?
30
Calculate the remainder when 29 is divided by 23.
6
Calculate the remainder when 313 is divided by 35.
33
What is the remainder when 313 is divided by 83?
64
Calculate the remainder when 1173 is divided by 5.
3
What is the remainder when 1515 is divided by 377?
7
Calculate the remainder when 284 is divided by 58.
52
Calculate the remainder when 835 is divided by 443.
392
What is the remainder when 520 is divided by 137?
109
What is the remainder when 17 is divided by 6?
5
What is the remainder when 57 is divided by 34?
23
Calculate the remainder when 67 is divided by 66.
1
What is the remainder when 355 is divided by 19?
13
Calculate the remainder when 442 is divided by 291.
151
Calculate the remainder when 31 is divided by 21.
10
What is the remainder when 602 is divided by 67?
66
Calculate the remainder when 418 is divided by 136.
10
What is the remainder when 367 is divided by 41?
39
What is the remainder when 466 is divided by 158?
150
Calculate the remainder when 1386 is divided by 81.
9
Calculate the remainder when 1062 is divided by 50.
12
What is the remainder when 365 is divided by 77?
57
Calculate the remainder when 1272 is divided by 49.
47
Calculate the remainder when 59 is divided by 15.
14
What is the remainder when 238 is divided by 63?
49
What is the remainder when 2288 is divided by 41?
33
What is the remainder when 5950 is divided by 93?
91
What is the remainder when 160 is divided by 34?
24
Calculate the remainder when 853 is divided by 844.
9
What is the remainder when 15 is divided by 8?
7
Calculate the remainder when 193 is divided by 83.
27
Calculate the remainder when 658 is divided by 95.
88
What is the remainder when 209 is divided by 53?
50
Calculate the remainder when 83 is divided by 24.
11
Calculate the remainder when 6234 is divided by 1556.
10
What is the remainder when 1149 is divided by 316?
201
What is the remainder when 392 is divided by 18?
14
What is the remainder when 84 is divided by 73?
11
Calculate the remainder when 2994 is divided by 12.
6
Calculate the remainder when 1114 is divided by 220.
14
Calculate the remainder when 450 is divided by 146.
12
What is the remainder when 674 is divided by 19?
9
What is the remainder when 170 is divided by 22?
16
Calculate the remainder when 1278 is divided by 40.
38
What is the remainder when 127 is divided by 71?
56
What is the remainder when 87 is divided by 77?
10
Calculate the remainder when 3373 is divided by 42.
13
Calculate the remainder when 57 is divided by 6.
3
What is the remainder when 3423 is divided by 60?
3
Calculate the remainder when 103 is divided by 5.
3
Calculate the remainder when 351 is divided by 172.
7
What is the remainder when 425 is divided by 62?
53
Calculate the remainder when 116 is divided by 99.
17
Calculate the remainder when 232 is divided by 81.
70
Calculate the remainder when 83 is divided by 33.
17
Calculate the remainder when 61 is divided by 30.
1
Calculate the remainder when 556 is divided by 33.
28
Calculate the remainder when 58 is divided by 38.
20
Calculate the remainder when 62 is divided by 14.
6
What is the remainder when 1213 is divided by 32?
29
What is the remainder when 509 is divided by 43?
36
What is the remainder when 197 is divided by 120?
77
What is the remainder when 146 is divided by 13?
3
What is the remainder when 277 is divided by 58?
45
What is the remainder when 105 is divided by 11?
6
What is the remainder when 996 is divided by 496?
4
Calculate the remainder when 24477 is divided by 96.
93
What is the remainder when 131 is divided by 4?
3
What is the remainder when 383 is divided by 377?
6
What is the remainder when 129 is divided by 10?
9
Calculate the remainder when 622 is divided by 49.
34
Calculate the remainder when 173 is divided by 26.
17
Calculate the remainder when 1992 is divided by 21.
18
Calculate the remainder when 73811 is divided by 331.
329
What is the remainder when 159 is divided by 82?
77
What is the remainder when 379 is divided by 93?
7
Calculate the remainder when 553 is divided by 70.
63
Calculate the remainder when 892 is divided by 90.
82
Calculate the remainder when 148 is divided by 6.
4
What is the remainder when 157 is divided by 36?
13
Calculate the remainder when 238 is divided by 32.
14
Calculate the remainder when 2582 is divided by 516.
2
What is the remainder when 2996 is divided by 12?
8
What is the remainder when 13144 is divided by 14?
12
Calculate the remainder when 346 is divided by 118.
110
Calculate the remainder when 3843 is divided by 10.
3
Calculate the remainder when 159 is divided by 54.
51
Calculate the remainder when 521 is divided by 58.
57
Calculate the remainder when 129 is divided by 20.
9
What is the remainder when 4917 is divided by 10?
7
Calculate the remainder when 33 is divided by 7.
5
What is the remainder when 1736 is divided by 576?
8
Calculate the remainder when 400 is divided by 37.
30
Calculate the remainder when 3326 is divided by 47.
36
Calculate the remainder when 631 is divided by 158.
157
What is the remainder whe